 2*x. Let i be 2/(((-10)/2)/(-180)). Calculate the greatest common factor of k and i.
9
Let p = -185 + 661. Suppose -k = 3*k - p. Let m(u) = -u**2 + 8*u + 5. Let f be m(6). What is the highest common divisor of f and k?
17
Suppose 5*d + 0 = -3*m - 1, 14 = 2*m - 4*d. What is the greatest common factor of m and 21?
3
Let s = 32 - 4. What is the highest common factor of s and 70?
14
Let s be (1 - -1) + 7/28*28. Let w(a) = 8*a**2 - 2*a - 1. Let z be w(-1). What is the greatest common factor of s and z?
9
Let t = -3 + 23. What is the greatest common divisor of t and 30?
10
Let n(v) = v - 1. Let m be n(-1). Let x(o) = -o**2 + o + 2. Let c be x(m). Let p = 25 + c. What is the greatest common factor of p and 3?
3
Let i be -2*(-10)/8*-10. Let h = -19 - i. Calculate the greatest common factor of h and 3.
3
Let p(b) = -b**2 - 2*b + 3. Let l be p(6). Let m = -23 - l. Calculate the highest common factor of m and 154.
22
Let a be 60/3 + 16/(-8). Calculate the greatest common factor of a and 72.
18
Let o(a) = a + 10. Let r be o(8). Suppose 0 = -n + r - 7. What is the highest common divisor of 1 and n?
1
Let s = 37 + -33. What is the highest common factor of s and 36?
4
Let y(u) = -u**3 - 3*u + 10. Let x be y(0). Calculate the highest common divisor of 80 and x.
10
Let y(i) = -i**2 - i + 31. Let l be y(0). Suppose -l = -4*u - 3. Calculate the greatest common factor of 7 and u.
7
Suppose 4*p = c + 396, 0 = -6*c + c. Suppose 21 + 15 = 4*a. What is the greatest common divisor of p and a?
9
Let y be 0 - -2 - (-56 + 1 + -1). Calculate the highest common divisor of y and 145.
29
Let n(t) = -t**3 + 5*t**2 + 9*t - 2. Let u be 5 + 2 - 5/5. Let f be n(u). Calculate the greatest common factor of f and 24.
8
Let o(n) = n**2 + 98. Let h be o(0). Suppose -h = -2*w - 18. What is the greatest common divisor of 16 and w?
8
Let l = 215 + -145. What is the greatest common factor of l and 10?
10
Let j = 5 - -149. Let h = -11 + j. Calculate the greatest common factor of 13 and h.
13
Suppose 2*r = 2*n - 2, r + n + 3 = 8. Suppose -5*a + 51 = -2*p, 45 - 18 = r*a - 3*p. Let x = 13 - a. What is the greatest common factor of 32 and x?
4
Let i = 47 - 12. Suppose 4*n - 3*v - 97 = 0, 3*n = -3*v - 0*v + 78. Suppose n = 6*f - f. What is the greatest common divisor of f and i?
5
Suppose 0 = -l - 3*l + 8. Let s be (0/l)/(8/4). Suppose -p - 4*d = -s*d - 38, 17 = p - 3*d. Calculate the highest common factor of 65 and p.
13
Suppose -5*g + 30 = 15. Suppose -9 = -0*l - 3*l. What is the highest common factor of g and l?
3
Let f(b) be the first derivative of -b**4/4 - b**3/3 + b**2/2 + 22*b - 1. Let n be f(0). What is the highest common divisor of n and 33?
11
Suppose -o = -5 - 0. Let s = 5 - o. Suppose 5*f - f - 60 = s. What is the highest common factor of 75 and f?
15
Suppose 0*f + f + 16 = 0. Let t = 22 + f. Suppose -2*c - 48 = -6*c. What is the greatest common divisor of t and c?
6
Let f(j) = -7*j - 33. Let x be f(-13). Calculate the greatest common factor of 87 and x.
29
Suppose -t + 138 = 5*t. What is the highest common factor of 253 and t?
23
Let c = -84 - -140. Suppose 188 = 3*b - 232. What is the highest common factor of b and c?
28
Let q(m) = -2*m**3 - 4*m**2 + 4*m + 11. Let i be q(-6). Calculate the highest common factor of i and 25.
25
Suppose -24 = 2*p - 5*p. Let u = 16 - p. Let w = -19 + 20. Calculate the highest common divisor of u and w.
1
Suppose t + 4*b = 13, -t + b - 3 = -3*b. What is the highest common factor of t and 25?
5
Let m(r) = r**3 - 3*r - 1. Suppose 11 = 5*q - 4. Let i be m(q). Calculate the greatest common factor of 51 and i.
17
Suppose -177 + 7 = -2*q. Let i be (1 + -3)*10/(-4). Suppose -2*b + 0*b + q = i*n, b = 5*n - 70. Calculate the greatest common factor of 10 and n.
5
Let w(t) = -5*t**2 - t - 2. Let z be w(2). Let j be (1 + 1)/(4/(-24)). Let x = j - z. Calculate the greatest common factor of 18 and x.
6
Let l be ((-20)/5)/4 - -13. What is the highest common divisor of 84 and l?
12
Let u(t) = 8*t - 2. Let y be u(1). Calculate the greatest common factor of y and 12.
6
Suppose q - 144 = -2*q. Suppose -w - i + 21 = -4*i, 2*w - 42 = -2*i. Let o = w + -5. What is the greatest common factor of q and o?
16
Let b(a) = -a**3 - a**2 + 4*a + 6. Let g be b(-3). Calculate the highest common factor of g and 30.
6
Suppose 5*h + 0*z - 5*z = 45, -2*z = -4*h + 34. Let i(o) = 2*o**2 - 12*o + 10. Let q be i(h). Calculate the highest common factor of 14 and q.
14
Let u(m) = -m**3 + 8*m**2 - 3*m. Let c be 1/(((-3)/(-5))/3). Let h be u(c). What is the greatest common divisor of h and 6?
6
Let a(i) be the third derivative of 3*i**2 + 1/6*i**4 + 0*i + 0*i**3 + 0. Let x be a(5). What is the highest common factor of 8 and x?
4
Suppose 2*a = 5*p - 26, a = 4*p - 1 - 21. Suppose 4*j = 3*j + p. Calculate the greatest common factor of j and 18.
6
Let k be 3*6/(-9) + 17. Let j = -96 + 156. What is the greatest common factor of j and k?
15
Let h(y) = y**2 + 2*y**3 + 9 - 2*y**3 - y**3 - 12*y**2 - 12*y. Let q be h(-10). Suppose 2*t - q = 1. Calculate the highest common factor of 15 and t.
15
Let u(o) = o**2 + 6*o + 5. Let r(n) = 2*n + 12. Let w be r(-9). Let s be u(w). Suppose 5*q - 2*q - 120 = 0. What is the highest common factor of s and q?
5
Let o = -15 + 26. Let x = -1 + o. Calculate the greatest common divisor of x and 70.
10
Let n = 303 + -448. Let q be n/(-45) - (-4)/(-18). Calculate the highest common divisor of 12 and q.
3
Let q(h) be the second derivative of 13*h**3/2 + 2*h**2 + 4*h. Let w be q(4). Calculate the highest common divisor of 20 and w.
20
Let h(k) = -5*k**3 - k**2. Let w = -1 + -1. Let s be h(w). Calculate the highest common factor of s and 9.
9
Let j be 6/(-9) + (-10)/3. Let i(v) = 4*v**2 + 5*v + 1. Let t be i(j). Let n = 202 - 197. Calculate the highest common factor of n and t.
5
Let f(u) = 3*u**3 + 1. Let j be f(-1). Let d be (54/(-4))/(1/j). Calculate the highest common divisor of 3 and d.
3
Suppose -l + 902 = 222. Suppose w + l = 5*k, w - 128 - 2 = -k. Suppose 6*c - k = 3*c. What is the highest common divisor of 5 and c?
5
Let c(j) = -j**2 - 11*j + 2. Let u be c(-11). Suppose u*y - 33 = -9. What is the highest common divisor of y and 84?
12
Suppose 4*n + 93 = 3*k, -2*k + 4*n + 55 + 7 = 0. Let h = k + -10. What is the greatest common factor of h and 168?
21
Let o(j) = j**2 - j + 26. Let z be o(0). Let a(g) = g + 8. Let s be a(-6). Let m be ((-3)/s)/(14/(-364)). What is the highest common divisor of m and z?
13
Let t(h) = -h**3 + 8*h**2 - 8*h - 4. Let s be t(6). Let u(d) = 3*d - 2. Let g be u(2). Let c be 6/g - 2/(-4). Calculate the highest common divisor of s and c.
2
Suppose d + 5*g - 13 = 2*g, d + 2*g = 10. What is the highest common factor of 44 and d?
4
Suppose -212 = -4*t - 0*k - 5*k, -k = -5*t + 236. Suppose -4*c + 11 = 3*l - t, -31 = -2*c - l. What is the greatest common divisor of c and 119?
17
Let k be (24/18)/(2/24). Let b(u) = 3*u**2 - u - 2. Let s(j) = j + 7. Let n be s(-5). Let d be b(n). What is the greatest common divisor of d and k?
8
Suppose -1 = a - 2*a - 3*w, -5*w - 2 = -2*a. Let i be (a + -5)*10/(-4). Calculate the highest common divisor of i and 50.
10
Let l be (-4)/16 - (-49)/4. What is the greatest common divisor of l and 84?
12
Let y(j) = j**2 + 12*j + 14. Let n be y(-11). Suppose 0 = r - 2 - n. Calculate the greatest common divisor of 45 and r.
5
Let o = 95 - 28. Let s = o + -23. What is the greatest common divisor of 4 and s?
4
Suppose -4*h = -11 - 21. Let l = 42 - 34. Calculate the greatest common factor of l and h.
8
Let g = 16 - 15. What is the greatest common factor of 8 and g?
1
Let f be 27/5 - 6/(-10). What is the highest common divisor of f and 3?
3
Let u(z) = -z. Let d be u(-9). Calculate the highest common divisor of 27 and d.
9
Let b be (-138)/(-4) + ((-25)/10)/5. Calculate the highest common divisor of b and 306.
34
Let c be 332 - (0 + -1 + 3). What is the greatest common factor of c and 30?
30
Let g(r) = r**2 + 6*r + 13. Let u be g(-7). What is the highest common divisor of u and 8?
4
Let f(w) = -3*w - 6. Let x be f(-5). What is the greatest common factor of 144 and x?
9
Let l be (5 - -5) + (-3)/(-1). What is the highest common divisor of l and 13?
13
Let t be (-123)/(-15) - 2/10. Let c = -4 + 20. What is the greatest common diviso